
11
Let q(v) = v**2 - v - 3. Let a be q(0). Let n(w) = -4*w. List the prime factors of n(a).
2, 3
Suppose 0 = -4*n + 27 + 1. List the prime factors of n.
7
Suppose 2*a + 36 - 114 = 0. Suppose 0*l + l + a = 0. What are the prime factors of 0 + 1/((-3)/l)?
13
What are the prime factors of (-8)/12 - 78/(-9)?
2
Let r(p) = 17*p + 1. Let l(m) = m**2 + 7*m + 9. Let b be l(-6). Let o be r(b). Suppose -4*a + 29 = 5*x, -5*a = -0*a + x - o. What are the prime factors of a?
11
Let p = -6 + 9. Let v(k) = -2*k - 2. Let c be v(-3). List the prime factors of p/2 - (-2)/c.
2
Let o be 3 + (-2)/(-2) + 5. Suppose -3*u + 45 = x + o, -3*x - 4*u = -133. What are the prime factors of x?
3, 17
List the prime factors of (4/(-3))/((-6)/414).
2, 23
Let x = 34 - 22. Let h be x/15*5/2. Suppose h = 2*u - 18. What are the prime factors of u?
2, 5
Let g be (-6)/(-4)*8/4. Suppose g*y + 69 = 6*y. List the prime factors of y.
23
Let n(m) = 27*m + 41. List the prime factors of n(10).
311
Let g = 17 - -19. List the prime factors of g.
2, 3
Suppose 2*z + c = 8 - 29, -2*z - 46 = -4*c. Let q = z + 23. What are the prime factors of q?
2, 5
List the prime factors of (171/6)/(3/8).
2, 19
List the prime factors of (-129)/(-3) - 2*2.
3, 13
Suppose 678 + 870 = 9*l. List the prime factors of l.
2, 43
Let w(u) = u**2 - 5*u - 3. Let p be w(6). Let s(r) = 0*r + 1 - p*r - 5*r. What are the prime factors of s(-1)?
3
Let t = 21 - 5. Suppose 2*a - 5*z = t, -a - 3*a + 44 = -4*z. What are the prime factors of a?
13
Suppose 5*w + 7 = -2*l - 3, 5*l + 5*w = -25. Let g(d) = -8*d - 5. What are the prime factors of g(l)?
5, 7
Let y be 5 - 2 - (1 - 0). Let w(b) = -2 - 6*b + 0 + b**2 - 2*b**2 - y*b. List the prime factors of w(-6).
2, 5
Suppose -t - t + 30 = 0. Let m = 6 + -12. Let u = t + m. What are the prime factors of u?
3
Suppose -12 + 0 = -4*y, -5 = -4*a + 5*y. Suppose -a*u + 180 = 5*n, 5*n + 118 = 3*u + 6*n. List the prime factors of u.
41
Let a be (-1)/2 + 8/16. Suppose a = -5*c - 0*c + 60. List the prime factors of c.
2, 3
Let w = 0 - 1. Let h = w - 3. Let n(c) = c**3 + 5*c**2 + c. What are the prime factors of n(h)?
2, 3
Let l(v) = -v**2 - 8*v - 7. Let o be l(-6). Let p(f) = 7*f - 2. Let z(j) = -j - 1. Let s(t) = p(t) + 4*z(t). What are the prime factors of s(o)?
3
Let b be 7/(-21) - (-2)/6. Let x = 5 + 1. Suppose b - x = -c. List the prime factors of c.
2, 3
Suppose -y + 4*j + 3 = 1, 2*y - 4*j - 24 = 0. Suppose -y = -0*n - 2*n. Let l = n - 8. What are the prime factors of l?
3
Suppose 4*j - r - 200 = 0, 2*j - 3*r = 6*j - 200. List the prime factors of j.
2, 5
Let m = -19 - -71. List the prime factors of m.
2, 13
Let n(j) = -8*j + 1. Let i(v) = v - 7. Let z be i(6). What are the prime factors of n(z)?
3
Let u = -11 - -13. Suppose -4*o = -5*o + u. Suppose 0*x = o*x - 16. List the prime factors of x.
2
Suppose 4 + 6 = 2*q. Suppose q*y - g - 45 = -0*y, -2*y + 4*g = -36. What are the prime factors of y?
2
Let p(g) = -g**3 - 7*g**2 - 4*g + 11. What are the prime factors of p(-7)?
3, 13
Let m(y) = y**2 - 20*y + 11. Let o be m(15). Let t = 109 + o. What are the prime factors of t?
3, 5
Suppose 0*m + m - 1 = 0. Let k(a) = 12*a. List the prime factors of k(m).
2, 3
Suppose -6*n = -2*n - 60. Suppose -2*b - 88 = 2*b - 2*i, -4*i - 24 = 2*b. List the prime factors of (b/n)/((-4)/18).
2, 3
Let x(h) = -h**3 - 26*h**2 - 50*h + 34. List the prime factors of x(-24).
2, 41
Suppose 0 = 3*v - 5*v + 28. Let z be (-1)/(-2) - ((-15)/6)/(-5). Let h = v - z. What are the prime factors of h?
2, 7
Suppose 471 = 4*u + 75. What are the prime factors of u?
3, 11
Let x(m) = 4*m - 2. Let j = -11 + 13. What are the prime factors of x(j)?
2, 3
Suppose 4*b = 307 - 59. Let u = b + -39. List the prime factors of u.
23
Suppose 3*p + 36 = 7*p. What are the prime factors of p?
3
Let w be (5/3)/((-11)/(-33)). Suppose -w*r = -0*r - 125. What are the prime factors of r?
5
Suppose -2 = -c - 7, 0 = 2*a + 2*c - 118. List the prime factors of a.
2
Suppose -t + 1263 = 5*w - 2*t, -2*w - t = -501. Suppose 7*m - 3*m = 4*u - w, 0 = -5*u + 2*m + 300. What are the prime factors of u?
2, 29
Let y = 0 + -4. Let b = -3 - y. Let f(h) = 6*h**3 - 1. What are the prime factors of f(b)?
5
Let w = -2 - -24. What are the prime factors of w?
2, 11
Suppose 0 = w + w - 8. Suppose 6*u - w*u = 18. List the prime factors of u.
3
Suppose -14*q = -1854 + 412. List the prime factors of q.
103
Let z(v) = -49*v - 33. List the prime factors of z(-5).
2, 53
Let l be ((-2)/5)/(2/40). Let j = -2 - l. List the prime factors of j.
2, 3
Let f be -1 - (-57)/6*2. Suppose 0 = -5*i + 3*i + f. What are the prime factors of i?
3
Let m be 4/(-6) - 44/6. Let n(v) = -v + 3. List the prime factors of n(m).
11
Let m(l) = -2*l - 2. Let s(d) = d**3 - 5*d**2 - d. Suppose 18 = 4*q - 2. Let c be s(q). List the prime factors of m(c).
2
Suppose 3*w = 3*x + 138, -5*x - 239 = -4*w - 57. What are the prime factors of w?
2, 3
Let m(t) = 3*t**2 - 3*t + 12. What are the prime factors of m(5)?
2, 3
Let o = -13 - -13. Suppose 2*h + 4*j - 76 = 0, -3*h - 5*j - 40 + 153 = o. What are the prime factors of h?
2, 3
Suppose 0*z = 5*z - 180. List the prime factors of z.
2, 3
Let p = -4 + 8. Suppose -4*r = -12, 3*r + 4 = p*f - 55. List the prime factors of f.
17
Let v be (-6)/((-5)/((-480)/(-9))). Suppose -8*j = -4*j - v. List the prime factors of j.
2
Suppose -n - 9 = -2*u, -n + 1 - 2 = 0. Suppose u*c - 42 = c. What are the prime factors of c?
2, 7
Suppose -60 = 4*r - 208. What are the prime factors of r?
37
Suppose 0 = 4*b, -5*m + 0*m = 5*b - 145. List the prime factors of m.
29
Let f(w) = -4*w + 2*w**2 - w + 3*w**3 + 3*w - w**2. Let p be f(2). Suppose -b + 0*b + 7 = k, -p = -4*b - 2*k. List the prime factors of b.
5
Let x be (3/2)/((-45)/(-960)). Let d(j) = j**3 - 3*j**2 - 5*j + 6. Let o be d(4). Suppose 0*m = -o*m + x. List the prime factors of m.
2
Suppose s = -4*c + 12, -s = 2 + 2. Suppose 7*b = c*b - 36. List the prime factors of 147/12 + 3/b.
2, 3
Let z(u) = -38*u**2 - 1. Let v be z(1). Let h be (v/6)/((-1)/(-2)). List the prime factors of (-204)/(-26) + (-2)/h.
2
Let c(w) = 4*w**2 + 1. Let d(g) = -g**2 - 8*g + 5. Let n be d(-8). Suppose n*j = -2*z + 3*z + 1, 0 = -4*j - z + 8. What are the prime factors of c(j)?
5
Suppose 0 = -4*t + 12, -4*z + 401 = 5*t + 70. What are the prime factors of z?
79
Let z = -28 - -69. Let a = z + -23. Let s = 32 - a. What are the prime factors of s?
2, 7
What are the prime factors of ((-30645)/25)/(-9) + (-4)/(-5)?
137
What are the prime factors of ((-70)/56)/((-2)/48)?
2, 3, 5
Suppose 5*z - 62 = -2*l + 46, 4*l - z = 238. List the prime factors of l.
59
Suppose 2*k + 0*k - 68 = 0. Let n = 59 - k. List the prime factors of n.
5
Let a(b) = -29*b**3 + 2*b - 1. Let g be a(1). Let h = g + 48. Suppose 4*y = -i + 34, -5*y - 11 = -4*i + h. What are the prime factors of i?
2, 7
Let m(w) = w**3 - 3*w**2 + 5*w - 2. Let o be m(3). Let v be (-2)/4 - 14/(-4). Suppose 11 + o = v*h. List the prime factors of h.
2
Let l(d) = -7*d**3 - 4*d**2 - 4*d. List the prime factors of l(-2).
2, 3
Let j = -55 + 158. List the prime factors of j.
103
Let l(r) = -r**3 + r + 7. Let v be l(0). Suppose 64 = v*m - 3*m. Suppose 3*k - m = 2. What are the prime factors of k?
2, 3
Let y = 8 + -11. Let n = 6 - y. List the prime factors of n.
3
Suppose 4 + 12 = -3*g + i, -14 = 2*g + i. Let o = g - -22. What are the prime factors of o?
2
Let m = -8 - 13. What are the prime factors of 1*3*m/(-9)?
7
Suppose 2*q - 30 = 32. List the prime factors of q.
31
Suppose -2*y + p = -y + 15, 5*p = 4*y + 65. What are the prime factors of (4 + 0)/((-4)/y)?
2, 5
Let p(t) be the first derivative of 2*t - 10 + t**2 + 9 - 4*t. List the prime factors of p(4).
2, 3
Suppose 0 = -f + 11 - 13. List the prime factors of ((-1)/(-1))/(f/(-46)).
23
Let x = 12 + -16. What are the prime factors of 16/(x/8 - -1)?
2
Let t(n) = -n**2 - 9*n - 8. Suppose 0 = -2*x + 5 - 19. List the prime factors of t(x).
2, 3
Let z = -11 - -3. What are the prime factors of (-18)/z + 1/(-4)?
2
Suppose 0*z - 3*z + 690 = 0. List the prime factors of (-2)/(-9) - z/(-18).
13
Let t(l) = -l**3 - 3*l**2 - 3*l - 2. Let c be t(-2). Suppose -3*h - h = c. Let o = h + 7. List the prime factors of o.
7
Suppose -13*n + 17*n - 96 = 0. List the prime factors of n.
2, 3
Let y(m) = -